= -4*m - 5. Let y be j(-2). Suppose -3*t - 5*v = 4 - y, 8 = -4*v. Suppose 0 = w + t*w - 1556. Is w composite?
False
Suppose -352882 - 50525 = -27*y. Is y prime?
False
Let k = 9604 - 6431. Is k a composite number?
True
Let j = 5746 + 28307. Is j prime?
False
Let o(c) = 2*c**2 - 18*c - 2. Let w be o(9). Is (w + -644 + -1)/(-1) a prime number?
True
Let z = 1885 - 360. Suppose 0*x + 5*b = -3*x + 4578, -2*b = x - z. Is x a composite number?
False
Let r = -6 - -18. Let v(t) be the first derivative of t**4/4 - 3*t**3 + 9*t**2 - 13*t + 1. Is v(r) composite?
True
Let t be (-8)/12 + 1096/6. Suppose -420 = 25*w - 29*w. Let c = t - w. Is c a composite number?
True
Let p(b) be the third derivative of -8*b**2 + 1/3*b**3 + 0*b + 0 + 1/60*b**6 - 3/8*b**4 - 2/15*b**5. Is p(7) a composite number?
False
Suppose -273 = 5*g + 62. Let a = -8 + 0. Let j = a - g. Is j a composite number?
False
Suppose 14*w = w - 91. Let g(k) = -4*k**3 - 6*k**2 - 12*k - 11. Is g(w) prime?
True
Let i(k) = -66*k + 41. Is i(-6) composite?
True
Let y = 3172 + -219. Is y composite?
False
Let w = 1243 - 1190. Is w composite?
False
Suppose 5 = -j, 10*x - 4*x + 5*j - 89801 = 0. Is x a composite number?
True
Suppose -u - 4126 = -3*b + 17830, 7316 = b - 3*u. Suppose -5*q + b = 2*n, -3*q + 4*q = -2*n + 1459. Is q a prime number?
False
Let n be (1 + 1)/((-2)/64). Let v be n/(-12)*(-3)/(-2). Let o(j) = j**3 - 7*j**2 - 11. Is o(v) a composite number?
False
Is (7 - 6)/(0 + (-3)/(-101769)) prime?
True
Let h = -1701 - -3062. Is h prime?
True
Is (88331/(-95))/(((-3)/5)/3) a composite number?
False
Suppose -2*p = p - 420. Let r = p - 256. Is (r/10)/(6/(-30)) prime?
False
Let y(o) = 2*o + 2*o**2 - 2*o + 209*o**2. Let b be (-4)/(-10) + 60/100. Is y(b) composite?
False
Suppose 0 = u - 3*u + 4. Suppose u*t = o - 0*t - 81, o + 2*t = 73. Is o prime?
False
Let h(a) = -138*a + 23. Let z be h(-18). Suppose 0 = -4*b - 3*v + 13451 - 3433, -2*v = b - z. Is b a prime number?
True
Suppose 0*c = l + c - 6, 3*l + 2*c - 18 = 0. Suppose -l*s - 6 = -9*s. Suppose 2*n - 112 = s*o, 4*n - 206 + 9 = -5*o. Is n a composite number?
False
Suppose -6*j + 4 = -4*j. Suppose 0 = j*m - 2693 - 1413. Is m prime?
True
Let r(q) = q**3 + q**2 - 1. Let f be r(5). Suppose 1450 = 5*j + 5*i, -3*j + 7*j + i = 1154. Let m = j - f. Is m a composite number?
False
Suppose 3*m - 7 = d, d + 5*m - 7 = 5*d. Suppose d*c + 2*p = 500, 2*p = -4*c + p + 1006. Is c - 1 - (-15 + 15) a composite number?
False
Let a = -7035 + 10124. Is a prime?
True
Suppose 1145 = n - 4*j, j - 7 = -4. Is n prime?
False
Suppose 0 = -4*z + 8, 5*z - 8374 = -n + 6971. Is n a composite number?
True
Is ((-105)/(-45))/(-7)*(1 + -27598) composite?
False
Let v(c) = 40*c**3 + 9*c**2 - 10*c + 79. Is v(8) a composite number?
True
Suppose 0 = 3*s + 4*g - 5391, 25*s - 22*s - 5388 = -5*g. Is s composite?
False
Suppose 27836 = 3*p + 2579. Is p a prime number?
True
Suppose -3*p = -7*p + 4. Is (p + (-246)/4)*-2 a prime number?
False
Suppose 9 = 5*j - 21. Let l(m) = 18*m**3 + 17*m**2 - 15*m - 13. Let n(o) = -9*o**3 - 9*o**2 + 8*o + 7. Let h(q) = j*l(q) + 11*n(q). Is h(2) prime?
True
Let u = -14096 - -32733. Is u a prime number?
True
Suppose 7*g - 650 - 1667 = 0. Is g prime?
True
Let q(p) = p**3 + 13*p**2 + 13*p - 17. Is q(22) a composite number?
False
Suppose -1 = -4*n + 27. Let w be 1/n + (-20960)/(-35). Let a = w + -396. Is a a composite number?
True
Let x be (-246)/(3 - (-66)/(-20)). Suppose 2155 - x = 3*r. Is r prime?
False
Suppose 0 = -2*y + 27314 + 23196. Is y a prime number?
False
Suppose -3*q - 8 = 4*z, z + z = q + 6. Is 597/9*(5 + -2)/z a composite number?
False
Suppose 0 = -4*j - j + 10. Suppose 5*d = j + 13. Suppose -5*t + d*s = -423, -t = -s - 2 - 81. Is t a composite number?
True
Let f(d) = -d**2 - 2*d - 12. Let p be f(-5). Let x = p + 39. Suppose 3*a - 520 = -2*v, 0*a + x = 3*a. Is v a prime number?
False
Suppose -d - 3 + 1 = 0. Let f(x) = -7*x**3 + x**2 - 2*x + 1. Is f(d) a composite number?
True
Let d(x) = x**2 - 15*x - 42. Let t be d(18). Suppose t*i - 598 = 10*i. Is i a prime number?
False
Let q(w) = 5*w + 2. Let f(z) = 3*z + 1. Let v(s) = -7*f(s) + 4*q(s). Let t be v(-4). Suppose -t = y - 26. Is y composite?
True
Let a(o) = -o**3 - 4*o**2 - 3*o - 1. Let f be a(-3). Let q be (3/(-2))/((-3)/8). Is (q/(-12))/(f/213) composite?
False
Is (-59*1/2)/((-56)/20048) composite?
True
Suppose 3*d = -y + 30590, -4*d + 6*d + 3*y = 20405. Is d prime?
False
Suppose 0 = 2*h + 3*v + 2, -3*h - 4*v + 0*v = 1. Suppose -2087 = -6*l + l - 2*d, -2*l + 858 = -h*d. Is l a prime number?
True
Is 23/(5/(8 - -1457)) prime?
False
Is (-67020)/(-16) - (-1 + -1)/8 a prime number?
False
Let a = 7 - 5. Let y = a + -3. Is y*-23*(3 - 2) a prime number?
True
Is 3/18*7846950/25 a composite number?
False
Let x(t) = 14*t**2 + 8*t + 89. Is x(-14) composite?
True
Let l = 1 + 55. Suppose 0 = 6*a - 2*a - l. Is 1/(-2) + 539/a prime?
False
Suppose 4*t + 17 = -7. Let y be (t - 1)*(-1)/1. Let m = y + 16. Is m a composite number?
False
Is (-28)/(-42) - (-166107)/9 a prime number?
True
Suppose 12*a - 70298 = 4330. Let j = a + -4246. Is j composite?
False
Let l be -908*(3 + 68/(-16)). Suppose -200 = -3*r + l. Suppose -2*b = 3*b - r. Is b a composite number?
False
Let x(j) = -3*j - 6. Let k be x(-4). Let m(o) = -k + 3 + 2 + 2*o**2 + 7*o. Is m(6) a prime number?
True
Let u(n) = -n**2 - 50*n + 6. Let i be u(-15). Let t = i - 194. Is t a composite number?
False
Suppose -3*d = -5*w, w - 16 = -5*d + 12. Let r(x) = -x + 16*x + 2 + 0. Is r(d) a composite number?
True
Let h be (-1)/(-5) + (-133)/(-35). Suppose -r + t + 4 - 1 = 0, 0 = -2*r - h*t. Suppose -15 = -r*d + d. Is d a prime number?
False
Suppose 0 = -17*b + 6827 + 129819. Let t = b + -5679. Is t composite?
True
Let u(m) = 9*m - 13. Let i(g) = g**2 - 17*g + 27. Let z(t) = 6*i(t) + 11*u(t). Is z(-6) a prime number?
False
Is (-62)/4*(-158)/(-1)*-1 composite?
True
Let n = 37 - 58. Let g = n - -23. Suppose -g*p + 177 = -59. Is p prime?
False
Let x(o) = -51*o + 23. Let m be x(-6). Is (-5285)/(-9) + (5 - m/63) prime?
True
Let w(u) be the first derivative of -u**4/4 - 11*u**3/3 - 11*u**2/2 - 7*u - 2. Let y be w(-10). Suppose -64 = -4*n - 2*h, -y*n - 2*h + 34 = -4*h. Is n prime?
False
Let s be 2 - (-86 - (0 + 0)). Let w be 3 - s*(2 + -6). Suppose 4*r = -d + w, -3*r + 4*d + 141 = -130. Is r a composite number?
False
Suppose 34208 = y - o, -15 = -11*o + 6*o. Is y a composite number?
False
Let y(m) = 160*m**2 + 15*m + 51. Is y(-6) a prime number?
False
Suppose 5*g = 4*d + 5541, 3324 = 3*g - 0*g - 3*d. Is g a prime number?
True
Suppose g - 3*m - 23883 - 886 = 0, -9*g + 222877 = -5*m. Is g a composite number?
False
Suppose -3*z = 5*h - 1191, -3*h + 4*z = 2*h - 1212. Suppose 5*y + 5*w = h, 7*w = 2*y + 3*w - 126. Is y prime?
True
Let u = 3406 + -1755. Is u prime?
False
Suppose -15*z + 328596 = -401919. Is z a prime number?
False
Suppose 8*g = 6*g + 74. Suppose 0 = -y - g + 541. Let n = 1085 - y. Is n composite?
True
Let p be (-33855)/21 + 9/63. Is -2*1 - p/4 a composite number?
False
Let j(w) be the second derivative of -w**5/20 - 5*w**4/12 - 7*w**3/3 + 2*w**2 + 7*w. Is j(-5) prime?
False
Let b(i) = -i**3 + i**2 + 4*i - 3. Suppose -2*d = -42 - 8. Suppose -5*g - d = -0. Is b(g) a prime number?
True
Suppose 0 = -7*d - 1731 - 152. Let l = 416 + d. Suppose -l = 2*z - 569. Is z composite?
False
Let n be 16/(-40) + (-24)/(-10). Let v = 1 + n. Suppose -v*l + 264 = 9. Is l a composite number?
True
Suppose 4*n - 3*i - 1266 = 2*i, 2*i = n - 318. Is n prime?
False
Suppose 0 = -137*l + 129*l + 249928. Is l a prime number?
False
Suppose -3*c + 87131 + 57172 = 2*a, 5*c = 4*a + 240527. Is c a composite number?
True
Let o be 2*(-1)/(-2)*1973. Let a = o + -1166. Is a a prime number?
False
Suppose 118*i - 2391 = 115*i. Is i a composite number?
False
Suppose 3*i - 4307 = -5*w, w - 4*i = 346 + 497. Is w composite?
False
Let b(f) = f**3 + 3*f**2 - f - 2. Let m be b(-1). Is (m - 2)*1432/(-8) prime?
True
Suppose 770*c = 780*c - 13190. Is c a composite number?
False
Suppose 3*q = r - 5*r + 139, -105 = -3*r - 3*q. Suppose -3*f - r = -820. Is f a prime number?
False
Suppose 166463 = 25*u + 12*u. Is u a composite number?
True
Let d = 2221 - 1331. Let s = d - 99. Is s composite?
True
Suppose -4*k = 3*i + 384, 0 = k - i 